1957
Calculate the highest common divisor of 29228166 and 1188.
198
What is the highest common divisor of 8657 and 38401?
11
What is the highest common divisor of 3934 and 26?
2
What is the highest common divisor of 1206 and 77954634?
1206
Calculate the highest common factor of 40 and 16671592.
8
What is the highest common factor of 5237223 and 9?
3
What is the highest common divisor of 7 and 2136919?
1
What is the greatest common factor of 4387 and 735946?
107
Calculate the highest common divisor of 10660 and 3229460.
260
Calculate the greatest common divisor of 43442 and 23795730.
1498
What is the greatest common factor of 3039556 and 5668?
52
What is the highest common factor of 5800665 and 83805?
2265
Calculate the highest common divisor of 13634 and 277474.
34
What is the highest common factor of 17228 and 4392668?
236
What is the greatest common divisor of 193193 and 1890889?
1001
Calculate the highest common divisor of 3481515 and 16195.
205
What is the highest common factor of 1336956104 and 242?
242
Calculate the highest common divisor of 179802965 and 141.
47
What is the greatest common factor of 72919 and 355509?
77
Calculate the greatest common factor of 580720 and 27608.
952
Calculate the highest common factor of 24437327 and 1566155.
5309
What is the greatest common divisor of 6 and 1188663?
3
What is the highest common factor of 10 and 3774110?
10
What is the greatest common factor of 2265 and 49793005?
755
Calculate the greatest common divisor of 93671 and 117587.
1993
What is the greatest common divisor of 556 and 8884?
4
What is the greatest common factor of 2083 and 422042879?
2083
Calculate the greatest common factor of 36 and 2144358.
18
Calculate the highest common factor of 2704388 and 37855.
67
Calculate the greatest common factor of 7609407 and 243.
3
Calculate the greatest common divisor of 1452 and 2514.
6
Calculate the greatest common divisor of 6800502 and 27462.
138
Calculate the greatest common factor of 27292874 and 86.
86
Calculate the greatest common factor of 499583 and 20503.
203
What is the greatest common factor of 596 and 4531388?
596
What is the highest common divisor of 54054 and 23149?
7
Calculate the highest common divisor of 59245978 and 110.
22
What is the highest common factor of 64922368 and 448?
448
Calculate the highest common factor of 24420 and 153340.
220
What is the greatest common factor of 742720 and 630890?
2110
Calculate the greatest common factor of 1533236 and 1107.
41
What is the highest common factor of 59 and 273288?
59
What is the highest common divisor of 37961840 and 210?
70
What is the greatest common factor of 20 and 86455260?
20
Calculate the greatest common divisor of 30863 and 71342029.
4409
What is the greatest common divisor of 1088421 and 3177906?
2361
Calculate the greatest common factor of 3448812 and 194618.
4526
What is the greatest common factor of 70 and 23581320?
70
Calculate the highest common factor of 4968 and 17370336.
552
What is the greatest common divisor of 32123 and 56435169?
2471
What is the highest common factor of 276834 and 258?
258
What is the greatest common factor of 134757 and 766314?
621
Calculate the greatest common divisor of 2049769 and 6509.
283
Calculate the highest common factor of 24102 and 633141.
927
What is the greatest common factor of 14 and 6874802?
2
Calculate the highest common divisor of 5544 and 1320984.
504
Calculate the highest common factor of 69 and 3856505082.
69
Calculate the highest common factor of 461548 and 1216.
76
What is the highest common divisor of 485148 and 252?
12
What is the greatest common divisor of 2076695 and 235?
235
Calculate the highest common factor of 227792395 and 1929.
643
Calculate the greatest common divisor of 208809 and 19512.
9
What is the highest common divisor of 321968887 and 109?
109
What is the greatest common divisor of 184 and 2839971?
23
What is the highest common divisor of 95132 and 2176?
68
What is the greatest common divisor of 420 and 3826830?
210
What is the highest common factor of 957682 and 142208?
2222
What is the greatest common factor of 532 and 125953394?
266
Calculate the highest common factor of 5517452 and 272.
68
What is the highest common divisor of 30251466 and 609?
609
Calculate the highest common factor of 2262 and 15832869.
1131
What is the greatest common divisor of 6 and 73174227?
3
Calculate the highest common divisor of 1491 and 928221.
21
Calculate the highest common factor of 56142085 and 6758.
3379
Calculate the greatest common factor of 765094 and 332.
166
Calculate the greatest common divisor of 505002 and 177.
3
What is the highest common divisor of 65 and 37503085?
5
Calculate the highest common factor of 504599275 and 1450.
725
What is the highest common factor of 420 and 432145?
35
Calculate the highest common divisor of 6847733 and 171.
19
What is the greatest common factor of 45974 and 7258462?
362
What is the greatest common divisor of 1545364 and 1560012?
7324
Calculate the highest common divisor of 582 and 10331470.
194
What is the greatest common factor of 59549 and 5405022?
1267
Calculate the greatest common divisor of 39 and 358543939.
13
What is the greatest common divisor of 443820 and 2132?
52
What is the highest common divisor of 152592 and 64872?
408
Calculate the greatest common divisor of 2477325 and 150075.
2175
What is the highest common divisor of 38 and 341327324?
38
Calculate the highest common factor of 27052878 and 1695.
339
What is the highest common factor of 1104413 and 19741?
19
Calculate the highest common factor of 3618034 and 1808.
226
What is the highest common divisor of 679836146 and 2154?
718
What is the highest common factor of 16 and 5840141712?
16
Calculate the highest common factor of 8318736 and 20992.
656
Calculate the highest common divisor of 34010 and 693625.
895
Calculate the greatest common factor of 295 and 23140449.
59
Calculate the greatest common factor of 329432336 and 912.
304
What is the highest common factor of 26471880 and 30?
30
Calculate the greatest common factor of 9899028 and 4.
4
What is the greatest common factor of 686037 and 24?
3
What is the greatest common factor of 39210615 and 45720?
5715
What is the highest common divisor of 667 and 3208293?
23
Calculate the greatest common divisor of 14354069 and 537897.
3383
Calculate the highest common factor of 96505 and 10.
5
Calculate the highest common factor of 168554176 and 7.
7
What is the highest common divisor of 168445 and 14455?
295
Calculate the highest common divisor of 723114 and 2646.
378
Calculate the greatest common divisor of 5384358 and 49.
7
What is the highest common factor of 2466508700 and 100?
100
What is the highest common divisor of 365715 and 17845?
215
Calculate the greatest common factor of 2307712 and 3388.
484
What is the highest common factor of 17965918 and 746?
746
What is the greatest common factor of 1599 and 6822348?
39
Calculate the highest common factor of 2 and 76001498.
2
Calculate the highest common factor of 20375520 and 14880.
480
What is the highest common factor of 82480 and 104680?
40
Calculate the highest common divisor of 81360870 and 165.
15
Calculate the greatest common divisor of 272798364 and 516.
516
What is the greatest common factor of 91150 and 3175666?
3646
What is the greatest common divisor of 13384085 and 220?
55
Calculate the highest common factor of 160818 and 30086094.
3282
What is the highest common divisor of 754 and 16153397?
13
Calculate the greatest common factor of 42 and 886337508.
42
What is the greatest common factor of 20837103 and 483?
483
What is the highest common factor of 112466 and 22154?
106
What is the greatest common divisor of 32 and 6386888?
8
Calculate the highest common divisor of 138 and 9858237.
69
What is the greatest common factor of 7984 and 777712?
16
What is the greatest common divisor of 515 and 5644297?
103
What is the greatest common factor of 3845106 and 684?
342
Calculate the greatest common factor of 9 and 6398316.
9
Calculate the greatest common divisor of 140896 and 247282.
238
What is the greatest common factor of 2460701 and 2578?
1289
Calculate the greatest common divisor of 16348 and 137494.
122
What is the highest common divisor of 4176 and 3